{"id":451,"date":"2025-10-16T13:54:30","date_gmt":"2025-10-16T11:54:30","guid":{"rendered":"https:\/\/tm-pls.co.mz\/?page_id=451"},"modified":"2025-10-16T15:58:23","modified_gmt":"2025-10-16T13:58:23","slug":"sobre-nos","status":"publish","type":"page","link":"https:\/\/tm-pls.co.mz\/index.php\/sobre-nos\/","title":{"rendered":"Sobre N\u00f3s"},"content":{"rendered":"\t\t<div data-elementor-type=\"wp-page\" data-elementor-id=\"451\" class=\"elementor elementor-451\" data-elementor-post-type=\"page\">\n\t\t\t\t\t\t<section class=\"elementor-section elementor-top-section elementor-element elementor-element-6ee4b27e elementor-section-boxed elementor-section-height-default elementor-section-height-default\" data-id=\"6ee4b27e\" data-element_type=\"section\" data-settings=\"{&quot;background_background&quot;:&quot;classic&quot;}\">\n\t\t\t\t\t\t\t<div class=\"elementor-background-overlay\"><\/div>\n\t\t\t\t\t\t\t<div class=\"elementor-container elementor-column-gap-default\">\n\t\t\t\t\t<div class=\"elementor-column elementor-col-100 elementor-top-column elementor-element elementor-element-330611be\" data-id=\"330611be\" data-element_type=\"column\">\n\t\t\t<div class=\"elementor-widget-wrap elementor-element-populated\">\n\t\t\t\t\t\t<div class=\"elementor-element elementor-element-599b97e elementor-widget elementor-widget-heading\" data-id=\"599b97e\" data-element_type=\"widget\" data-widget_type=\"heading.default\">\n\t\t\t\t\t<h2 class=\"elementor-heading-title elementor-size-default\">Sobre N\u00f3s<\/h2>\t\t\t\t<\/div>\n\t\t\t\t<div class=\"elementor-element elementor-element-830576d elementor-widget__width-auto elementor-align-center elementor-widget elementor-widget-elementskit-button\" data-id=\"830576d\" data-element_type=\"widget\" data-widget_type=\"elementskit-button.default\">\n\t\t\t\t\t<div class=\"ekit-wid-con\" >\t\t<div class=\"ekit-btn-wraper\">\n\t\t\t\t\t\t\t<a href=\"https:\/\/tm-pls.co.mz\/\" class=\"elementskit-btn  whitespace--normal\" id=\"\">\n\t\t\t\t\tHome<svg class=\"e-font-icon-svg e-fas-chevron-right\" viewBox=\"0 0 320 512\" xmlns=\"http:\/\/www.w3.org\/2000\/svg\"><path d=\"M285.476 272.971L91.132 467.314c-9.373 9.373-24.569 9.373-33.941 0l-22.667-22.667c-9.357-9.357-9.375-24.522-.04-33.901L188.505 256 34.484 101.255c-9.335-9.379-9.317-24.544.04-33.901l22.667-22.667c9.373-9.373 24.569-9.373 33.941 0L285.475 239.03c9.373 9.372 9.373 24.568.001 33.941z\"><\/path><\/svg>\t\t\t\t<\/a>\n\t\t\t\t\t<\/div>\n        <\/div>\t\t\t\t<\/div>\n\t\t\t\t<div class=\"elementor-element elementor-element-b5b959 elementor-widget__width-auto elementor-widget elementor-widget-heading\" data-id=\"b5b959\" data-element_type=\"widget\" data-widget_type=\"heading.default\">\n\t\t\t\t\t<div class=\"elementor-heading-title elementor-size-default\">Sobre n\u00f3s<\/div>\t\t\t\t<\/div>\n\t\t\t\t\t<\/div>\n\t\t<\/div>\n\t\t\t\t\t<\/div>\n\t\t<\/section>\n\t\t\t\t<section class=\"elementor-section elementor-top-section elementor-element elementor-element-30452f6a elementor-section-boxed elementor-section-height-default elementor-section-height-default\" data-id=\"30452f6a\" data-element_type=\"section\">\n\t\t\t\t\t\t<div class=\"elementor-container elementor-column-gap-default\">\n\t\t\t\t\t<div class=\"elementor-column elementor-col-50 elementor-top-column elementor-element elementor-element-4c7f4c0a\" data-id=\"4c7f4c0a\" data-element_type=\"column\">\n\t\t\t<div class=\"elementor-widget-wrap elementor-element-populated\">\n\t\t\t\t\t\t<div class=\"elementor-element elementor-element-36e6efdc elementor-widget elementor-widget-elementskit-heading\" data-id=\"36e6efdc\" data-element_type=\"widget\" data-widget_type=\"elementskit-heading.default\">\n\t\t\t\t\t<div class=\"ekit-wid-con\" ><div class=\"ekit-heading elementskit-section-title-wraper text_left   ekit_heading_tablet-   ekit_heading_mobile-\"><div class=\"ekit_heading_separetor_wraper ekit_heading_elementskit-border-divider elementskit-style-long\"><div class=\"elementskit-border-divider elementskit-style-long\"><\/div><\/div><h2 class=\"ekit-heading--title elementskit-section-title \">Sobre N\u00f3s<\/h2><\/div><\/div>\t\t\t\t<\/div>\n\t\t\t\t<div class=\"elementor-element elementor-element-20971883 elementor-widget elementor-widget-heading\" data-id=\"20971883\" data-element_type=\"widget\" data-widget_type=\"heading.default\">\n\t\t\t\t\t<h2 class=\"elementor-heading-title elementor-size-default\">Sobre n\u00f3s<\/h2>\t\t\t\t<\/div>\n\t\t\t\t<div class=\"elementor-element elementor-element-43a7deb elementor-widget elementor-widget-text-editor\" data-id=\"43a7deb\" data-element_type=\"widget\" data-widget_type=\"text-editor.default\">\n\t\t\t\t\t\t\t\t\t<p>A <strong>TM Procurement and Logistics Services, Lda<\/strong> \u00e9 uma empresa mo\u00e7ambicana dedicada \u00e0 presta\u00e7\u00e3o de servi\u00e7os integrados de procurement e log\u00edstica, actuando com foco na efici\u00eancia, transpar\u00eancia e inova\u00e7\u00e3o. Intervimos em diversos sectores, nomeadamente a ind\u00fastria, o sector autom\u00f3vel, m\u00e9dico, farmac\u00eautico, constru\u00e7\u00e3o civil e energia, oferecendo solu\u00e7\u00f5es personalizadas que asseguram o fornecimento estrat\u00e9gico de bens e equipamentos essenciais.<\/p>\t\t\t\t\t\t\t\t<\/div>\n\t\t\t\t<div class=\"elementor-element elementor-element-a4dcbc8 elementor-widget elementor-widget-spacer\" data-id=\"a4dcbc8\" data-element_type=\"widget\" data-widget_type=\"spacer.default\">\n\t\t\t\t\t\t\t<div class=\"elementor-spacer\">\n\t\t\t<div class=\"elementor-spacer-inner\"><\/div>\n\t\t<\/div>\n\t\t\t\t\t\t<\/div>\n\t\t\t\t<div class=\"elementor-element elementor-element-d058097 elementor-widget elementor-widget-heading\" data-id=\"d058097\" data-element_type=\"widget\" data-widget_type=\"heading.default\">\n\t\t\t\t\t<h2 class=\"elementor-heading-title elementor-size-default\">\ud83c\udfaf Objectivo Estrat\u00e9gico<\/h2>\t\t\t\t<\/div>\n\t\t\t\t<div class=\"elementor-element elementor-element-5c236755 elementor-widget elementor-widget-text-editor\" data-id=\"5c236755\" data-element_type=\"widget\" data-widget_type=\"text-editor.default\">\n\t\t\t\t\t\t\t\t\t<p>Consolidar a nossa presen\u00e7a no mercado nacional at\u00e9 ao ano de 2026, expandindo os nossos servi\u00e7os para, pelo menos, tr\u00eas pa\u00edses da regi\u00e3o da SADC, com \u00eanfase na qualidade, nas parcerias s\u00f3lidas e na transforma\u00e7\u00e3o digital dos sectores de procurement e log\u00edstica.<\/p>\t\t\t\t\t\t\t\t<\/div>\n\t\t\t\t\t<\/div>\n\t\t<\/div>\n\t\t\t\t<div class=\"elementor-column elementor-col-50 elementor-top-column elementor-element elementor-element-5ad7c84f\" data-id=\"5ad7c84f\" data-element_type=\"column\">\n\t\t\t<div class=\"elementor-widget-wrap elementor-element-populated\">\n\t\t\t\t\t\t<div class=\"elementor-element elementor-element-34d6dbcc elementor-position-left elementor-vertical-align-top elementor-widget elementor-widget-image-box\" data-id=\"34d6dbcc\" data-element_type=\"widget\" data-widget_type=\"image-box.default\">\n\t\t\t\t\t<div class=\"elementor-image-box-wrapper\"><figure class=\"elementor-image-box-img\"><img fetchpriority=\"high\" decoding=\"async\" width=\"379\" height=\"379\" src=\"https:\/\/tm-pls.co.mz\/wp-content\/uploads\/2025\/10\/mission-vision-values-icons-vector-51578453.png\" class=\"attachment-full size-full wp-image-455\" alt=\"\" srcset=\"https:\/\/tm-pls.co.mz\/wp-content\/uploads\/2025\/10\/mission-vision-values-icons-vector-51578453.png 379w, https:\/\/tm-pls.co.mz\/wp-content\/uploads\/2025\/10\/mission-vision-values-icons-vector-51578453-300x300.png 300w, https:\/\/tm-pls.co.mz\/wp-content\/uploads\/2025\/10\/mission-vision-values-icons-vector-51578453-150x150.png 150w\" sizes=\"(max-width: 379px) 100vw, 379px\" \/><\/figure><div class=\"elementor-image-box-content\"><h3 class=\"elementor-image-box-title\">Miss\u00e3o<\/h3><p class=\"elementor-image-box-description\">Prestar solu\u00e7\u00f5es eficazes e fi\u00e1veis nos dom\u00ednios do procurement e da log\u00edstica, promovendo a efici\u00eancia nas cadeias de abastecimento dos nossos clientes e contribuindo para o desenvolvimento sustent\u00e1vel dos sectores em que actuamos.<\/p><\/div><\/div>\t\t\t\t<\/div>\n\t\t\t\t<div class=\"elementor-element elementor-element-adac301 elementor-position-left elementor-vertical-align-top elementor-widget elementor-widget-image-box\" data-id=\"adac301\" data-element_type=\"widget\" data-widget_type=\"image-box.default\">\n\t\t\t\t\t<div class=\"elementor-image-box-wrapper\"><figure class=\"elementor-image-box-img\"><img decoding=\"async\" width=\"394\" height=\"394\" src=\"https:\/\/tm-pls.co.mz\/wp-content\/uploads\/2025\/10\/mission-vision-values-icons-ve2ctor-51578453.png\" class=\"attachment-full size-full wp-image-454\" alt=\"\" srcset=\"https:\/\/tm-pls.co.mz\/wp-content\/uploads\/2025\/10\/mission-vision-values-icons-ve2ctor-51578453.png 394w, https:\/\/tm-pls.co.mz\/wp-content\/uploads\/2025\/10\/mission-vision-values-icons-ve2ctor-51578453-300x300.png 300w, https:\/\/tm-pls.co.mz\/wp-content\/uploads\/2025\/10\/mission-vision-values-icons-ve2ctor-51578453-150x150.png 150w\" sizes=\"(max-width: 394px) 100vw, 394px\" \/><\/figure><div class=\"elementor-image-box-content\"><h3 class=\"elementor-image-box-title\">Vis\u00e3o<\/h3><p class=\"elementor-image-box-description\">Ser reconhecida como refer\u00eancia nacional e regional na presta\u00e7\u00e3o de servi\u00e7os de procurement e log\u00edstica integrada, distinguindo-se pela excel\u00eancia operacional, \u00e9tica e impacto positivo nos neg\u00f3cios dos nossos parceiros.<\/p><\/div><\/div>\t\t\t\t<\/div>\n\t\t\t\t<div class=\"elementor-element elementor-element-6357bc0 elementor-position-left elementor-vertical-align-top elementor-widget elementor-widget-image-box\" data-id=\"6357bc0\" data-element_type=\"widget\" data-widget_type=\"image-box.default\">\n\t\t\t\t\t<div class=\"elementor-image-box-wrapper\"><figure class=\"elementor-image-box-img\"><img decoding=\"async\" width=\"392\" height=\"392\" src=\"https:\/\/tm-pls.co.mz\/wp-content\/uploads\/2025\/10\/mission-vision-values-icons-v3ector-51578453.png\" class=\"attachment-full size-full wp-image-453\" alt=\"\" srcset=\"https:\/\/tm-pls.co.mz\/wp-content\/uploads\/2025\/10\/mission-vision-values-icons-v3ector-51578453.png 392w, https:\/\/tm-pls.co.mz\/wp-content\/uploads\/2025\/10\/mission-vision-values-icons-v3ector-51578453-300x300.png 300w, https:\/\/tm-pls.co.mz\/wp-content\/uploads\/2025\/10\/mission-vision-values-icons-v3ector-51578453-150x150.png 150w\" sizes=\"(max-width: 392px) 100vw, 392px\" \/><\/figure><div class=\"elementor-image-box-content\"><h3 class=\"elementor-image-box-title\">Valores<\/h3><p class=\"elementor-image-box-description\"><b>\u2022  Integridade<\/b> \u2013 Actuamos com \u00e9tica e transpar\u00eancia em todas as etapas dos nossos processos.<br><br>\n\n<b>\u2022  Efici\u00eancia<\/b> \u2022 \u2013 Entregamos solu\u00e7\u00f5es c\u00e9leres e eficazes.<br><br>\n\n<b>\u2022  Custo-Benef\u00edcio <\/b>\u2013 Priorizamos solu\u00e7\u00f5es que ofere\u00e7am o melhor equil\u00edbrio entre qualidade, pre\u00e7o e valor para os nossos clientes.<br><br>\n\n<b>\u2022  Inova\u00e7\u00e3o <\/b>\u2013 Procuramos constantemente novas formas de acrescentar valor.<br><br>\n\n<b>\u2022  Compromisso com o Cliente <\/b>\u2013 A satisfa\u00e7\u00e3o dos nossos clientes \u00e9 a nossa prioridade.<br><br>\n\n<b>\u2022  Sustentabilidade <\/b>\u2013 Trabalhamos com responsabilidade social e ambiental.\n<\/p><\/div><\/div>\t\t\t\t<\/div>\n\t\t\t\t\t<\/div>\n\t\t<\/div>\n\t\t\t\t\t<\/div>\n\t\t<\/section>\n\t\t\t\t<\/div>\n\t\t","protected":false},"excerpt":{"rendered":"<p>Sobre N\u00f3s Home Sobre n\u00f3s Sobre N\u00f3s Sobre n\u00f3s A TM Procurement and Logistics Services, Lda \u00e9 uma empresa mo\u00e7ambicana dedicada \u00e0 presta\u00e7\u00e3o de servi\u00e7os integrados de procurement e log\u00edstica, actuando com foco na efici\u00eancia, transpar\u00eancia e inova\u00e7\u00e3o. Intervimos em diversos sectores, nomeadamente a ind\u00fastria, o sector autom\u00f3vel, m\u00e9dico, farmac\u00eautico, constru\u00e7\u00e3o civil e energia, oferecendo [&hellip;]<\/p>\n","protected":false},"author":1,"featured_media":0,"parent":0,"menu_order":0,"comment_status":"closed","ping_status":"closed","template":"","meta":{"footnotes":""},"class_list":["post-451","page","type-page","status-publish","hentry"],"_links":{"self":[{"href":"https:\/\/tm-pls.co.mz\/index.php\/wp-json\/wp\/v2\/pages\/451","targetHints":{"allow":["GET"]}}],"collection":[{"href":"https:\/\/tm-pls.co.mz\/index.php\/wp-json\/wp\/v2\/pages"}],"about":[{"href":"https:\/\/tm-pls.co.mz\/index.php\/wp-json\/wp\/v2\/types\/page"}],"author":[{"embeddable":true,"href":"https:\/\/tm-pls.co.mz\/index.php\/wp-json\/wp\/v2\/users\/1"}],"replies":[{"embeddable":true,"href":"https:\/\/tm-pls.co.mz\/index.php\/wp-json\/wp\/v2\/comments?post=451"}],"version-history":[{"count":14,"href":"https:\/\/tm-pls.co.mz\/index.php\/wp-json\/wp\/v2\/pages\/451\/revisions"}],"predecessor-version":[{"id":493,"href":"https:\/\/tm-pls.co.mz\/index.php\/wp-json\/wp\/v2\/pages\/451\/revisions\/493"}],"wp:attachment":[{"href":"https:\/\/tm-pls.co.mz\/index.php\/wp-json\/wp\/v2\/media?parent=451"}],"curies":[{"name":"wp","href":"https:\/\/api.w.org\/{rel}","templated":true}]}}